{"id":1511,"date":"2020-12-20T22:38:32","date_gmt":"2020-12-20T21:38:32","guid":{"rendered":"http:\/\/rcds-bonn.de\/?page_id=1511"},"modified":"2026-04-28T20:50:15","modified_gmt":"2026-04-28T18:50:15","slug":"wer-wir-sind","status":"publish","type":"page","link":"https:\/\/rcds-bonn.de\/?page_id=1511","title":{"rendered":"Vorstand"},"content":{"rendered":"<p>[et_pb_section fb_built=&#8220;1&#8243; _builder_version=&#8220;4.14.5&#8243; _module_preset=&#8220;default&#8220; use_background_color_gradient=&#8220;on&#8220; background_color_gradient_start=&#8220;#ffffff&#8220; background_color_gradient_end=&#8220;rgba(12,113,195,0.47)&#8220; global_colors_info=&#8220;{}&#8220;][et_pb_row _builder_version=&#8220;4.7.7&#8243; _module_preset=&#8220;default&#8220; global_colors_info=&#8220;{}&#8220;][et_pb_column type=&#8220;4_4&#8243; _builder_version=&#8220;4.7.7&#8243; _module_preset=&#8220;default&#8220; global_colors_info=&#8220;{}&#8220;][dsm_text_divider header=&#8220;Unser Vorstand&#8220; text_alignment=&#8220;left&#8220; _builder_version=&#8220;4.14.5&#8243; _module_preset=&#8220;default&#8220; header_level=&#8220;h1&#8243; header_font=&#8220;||||||||&#8220; header_font_size=&#8220;35px&#8220; global_colors_info=&#8220;{}&#8220;][\/dsm_text_divider][\/et_pb_column][\/et_pb_row][et_pb_row _builder_version=&#8220;4.10.8&#8243; _module_preset=&#8220;default&#8220; global_colors_info=&#8220;{}&#8220;][et_pb_column type=&#8220;4_4&#8243; _builder_version=&#8220;4.10.8&#8243; _module_preset=&#8220;default&#8220; global_colors_info=&#8220;{}&#8220;][et_pb_text _builder_version=&#8220;4.14.5&#8243; _module_preset=&#8220;default&#8220; hover_enabled=&#8220;0&#8243; global_colors_info=&#8220;{}&#8220; sticky_enabled=&#8220;0&#8243;]<\/p>\n<p>Der Vorstand des RCDS an der Rheinischen-Friedrichs-Willhelms-Universit\u00e4t Bonn f\u00fcr das Sommersemester 2026:<\/p>\n<p>Wir organisieren die politische Arbeit des RCDS gemeinsam mit unseren Mitgliedern (z.B. bei den SP-Wahlen), planen Events wie <em>Pizza Cola Bier<\/em> und vertreten eure Interessen gegen\u00fcber der Universit\u00e4t, sowie auf Landes- und auf Bundesebene gegen\u00fcber der Politik.<\/p>\n<p>&nbsp;<\/p>\n<p>[\/et_pb_text][\/et_pb_column][\/et_pb_row][et_pb_row column_structure=&#8220;1_3,1_3,1_3&#8243; _builder_version=&#8220;4.14.5&#8243; _module_preset=&#8220;default&#8220; locked=&#8220;off&#8220; global_colors_info=&#8220;{}&#8220;][et_pb_column type=&#8220;1_3&#8243; _builder_version=&#8220;4.7.7&#8243; _module_preset=&#8220;default&#8220; global_colors_info=&#8220;{}&#8220;][et_pb_team_member name=&#8220;Marie Valpertz&#8220; position=&#8220;Vorsitzende&#8220; image_url=&#8220;https:\/\/rcds-bonn.de\/wp-content\/uploads\/2025\/05\/PHOTO-2025-05-22-19-15-43-scaled.jpeg&#8220; _builder_version=&#8220;4.14.5&#8243; _module_preset=&#8220;default&#8220; position_text_color=&#8220;#0c71c3&#8243; custom_margin=&#8220;|-103px|161px|||&#8220; custom_padding=&#8220;|||0px||&#8220; link_option_url_new_window=&#8220;on&#8220; global_colors_info=&#8220;{}&#8220;][\/et_pb_team_member][\/et_pb_column][et_pb_column type=&#8220;1_3&#8243; _builder_version=&#8220;4.14.5&#8243; _module_preset=&#8220;default&#8220; global_colors_info=&#8220;{}&#8220;][et_pb_team_member name=&#8220;Sophia Kersting&#8220; position=&#8220;stellvertretende Vorsitzende &#8220; image_url=&#8220;https:\/\/rcds-bonn.de\/wp-content\/uploads\/2025\/05\/PHOTO-2025-05-21-20-05-31-1.jpeg&#8220; _builder_version=&#8220;4.14.5&#8243; _module_preset=&#8220;default&#8220; position_text_color=&#8220;#0c71c3&#8243; custom_margin=&#8220;|-103px|289px|||&#8220; custom_padding=&#8220;|||0px||&#8220; link_option_url_new_window=&#8220;on&#8220; global_colors_info=&#8220;{}&#8220;][\/et_pb_team_member][\/et_pb_column][et_pb_column type=&#8220;1_3&#8243; _builder_version=&#8220;4.14.5&#8243; _module_preset=&#8220;default&#8220; global_colors_info=&#8220;{}&#8220;][et_pb_team_member name=&#8220;Valentin John&#8220; position=&#8220;Schatzmeister&#8220; image_url=&#8220;https:\/\/rcds-bonn.de\/wp-content\/uploads\/2024\/04\/Bild-Folgt.png&#8220; admin_label=&#8220;Person&#8220; _builder_version=&#8220;4.14.5&#8243; _module_preset=&#8220;default&#8220; position_text_color=&#8220;#0c71c3&#8243; custom_margin=&#8220;|-103px|161px|||&#8220; custom_padding=&#8220;|||0px||&#8220; link_option_url=&#8220;https:\/\/www.instagram.com\/rcdsbonn&#8220; link_option_url_new_window=&#8220;on&#8220; hover_enabled=&#8220;0&#8243; global_colors_info=&#8220;{}&#8220; theme_builder_area=&#8220;post_content&#8220; sticky_enabled=&#8220;0&#8243;][\/et_pb_team_member][\/et_pb_column][\/et_pb_row][et_pb_row column_structure=&#8220;1_3,1_3,1_3&#8243; _builder_version=&#8220;4.14.5&#8243; _module_preset=&#8220;default&#8220; global_colors_info=&#8220;{}&#8220;][et_pb_column type=&#8220;1_3&#8243; _builder_version=&#8220;4.14.5&#8243; _module_preset=&#8220;default&#8220; global_colors_info=&#8220;{}&#8220;][et_pb_team_member name=&#8220;Johann von der Nahmer&#8220; position=&#8220;Gesch\u00e4ftsf\u00fchrer&#8220; image_url=&#8220;https:\/\/rcds-bonn.de\/wp-content\/uploads\/2026\/04\/JohannRCDS-pdf.jpg&#8220; _builder_version=&#8220;4.14.5&#8243; _module_preset=&#8220;default&#8220; position_text_color=&#8220;#0c71c3&#8243; custom_margin=&#8220;|-107px|161px|||&#8220; custom_padding=&#8220;|||0px||&#8220; link_option_url=&#8220;https:\/\/www.instagram.com\/stefan_altmnn\/&#8220; link_option_url_new_window=&#8220;on&#8220; hover_enabled=&#8220;0&#8243; global_colors_info=&#8220;{}&#8220; title_text=&#8220;JohannRCDS&#8220; sticky_enabled=&#8220;0&#8243;][\/et_pb_team_member][\/et_pb_column][et_pb_column type=&#8220;1_3&#8243; _builder_version=&#8220;4.14.5&#8243; _module_preset=&#8220;default&#8220; global_colors_info=&#8220;{}&#8220;][et_pb_team_member name=&#8220;Moritz Jonen&#8220; position=&#8220;Beisitzer&#8220; image_url=&#8220;https:\/\/rcds-bonn.de\/wp-content\/uploads\/2025\/05\/IMG_0299-scaled.jpeg&#8220; _builder_version=&#8220;4.14.5&#8243; _module_preset=&#8220;default&#8220; position_text_color=&#8220;#0c71c3&#8243; custom_margin=&#8220;|-103px|161px|||&#8220; custom_padding=&#8220;|||0px||&#8220; link_option_url_new_window=&#8220;on&#8220; border_radii_image=&#8220;off||||&#8220; global_colors_info=&#8220;{}&#8220;][\/et_pb_team_member][\/et_pb_column][et_pb_column type=&#8220;1_3&#8243; _builder_version=&#8220;4.14.5&#8243; _module_preset=&#8220;default&#8220; global_colors_info=&#8220;{}&#8220;][et_pb_team_member name=&#8220;Samuel Kieven&#8220; position=&#8220;Beisitzer&#8220; image_url=&#8220;https:\/\/rcds-bonn.de\/wp-content\/uploads\/2026\/04\/Bewerbungsfoto-Samuel-Kieven.jpg&#8220; _builder_version=&#8220;4.14.5&#8243; _module_preset=&#8220;default&#8220; position_text_color=&#8220;#0c71c3&#8243; custom_margin=&#8220;|-103px|161px|||&#8220; custom_padding=&#8220;|||0px||&#8220; link_option_url_new_window=&#8220;on&#8220; hover_enabled=&#8220;0&#8243; global_colors_info=&#8220;{}&#8220; title_text=&#8220;Bewerbungsfoto Samuel Kieven&#8220; sticky_enabled=&#8220;0&#8243;][\/et_pb_team_member][\/et_pb_column][\/et_pb_row][et_pb_row column_structure=&#8220;1_3,1_3,1_3&#8243; _builder_version=&#8220;4.14.5&#8243; _module_preset=&#8220;default&#8220; global_colors_info=&#8220;{}&#8220;][et_pb_column type=&#8220;1_3&#8243; _builder_version=&#8220;4.14.5&#8243; _module_preset=&#8220;default&#8220; global_colors_info=&#8220;{}&#8220;][et_pb_team_member name=&#8220;Ivan Zaychenko&#8220; position=&#8220;Beisitzer&#8220; image_url=&#8220;https:\/\/rcds-bonn.de\/wp-content\/uploads\/2025\/09\/PHOTO-2025-09-14-21-40-03.jpg&#8220; admin_label=&#8220;Person&#8220; _builder_version=&#8220;4.14.5&#8243; _module_preset=&#8220;default&#8220; position_text_color=&#8220;#0c71c3&#8243; custom_margin=&#8220;|-103px|161px|||&#8220; custom_padding=&#8220;|||0px||&#8220; link_option_url_new_window=&#8220;on&#8220; border_radii_image=&#8220;off||||&#8220; global_colors_info=&#8220;{}&#8220;][\/et_pb_team_member][\/et_pb_column][et_pb_column type=&#8220;1_3&#8243; _builder_version=&#8220;4.14.5&#8243; _module_preset=&#8220;default&#8220; global_colors_info=&#8220;{}&#8220;][et_pb_team_member name=&#8220;Leander Schulz &#8220; position=&#8220;Beisitzer&#8220; image_url=&#8220;https:\/\/rcds-bonn.de\/wp-content\/uploads\/2024\/04\/Bild-Folgt.png&#8220; admin_label=&#8220;Person&#8220; _builder_version=&#8220;4.14.5&#8243; _module_preset=&#8220;default&#8220; position_text_color=&#8220;#0c71c3&#8243; custom_margin=&#8220;|-103px|161px|||&#8220; custom_padding=&#8220;|||0px||&#8220; link_option_url_new_window=&#8220;on&#8220; global_colors_info=&#8220;{}&#8220;][\/et_pb_team_member][\/et_pb_column][et_pb_column type=&#8220;1_3&#8243; _builder_version=&#8220;4.14.5&#8243; _module_preset=&#8220;default&#8220; global_colors_info=&#8220;{}&#8220;][et_pb_team_member name=&#8220;Jan B\u00fcdenbender&#8220; position=&#8220;Beisitzer&#8220; image_url=&#8220;https:\/\/rcds-bonn.de\/wp-content\/uploads\/2025\/05\/PHOTO-2025-05-22-19-24-47-scaled.jpeg&#8220; _builder_version=&#8220;4.14.5&#8243; _module_preset=&#8220;default&#8220; position_text_color=&#8220;#0c71c3&#8243; custom_margin=&#8220;|-103px|161px|||&#8220; custom_padding=&#8220;|||0px||&#8220; link_option_url_new_window=&#8220;on&#8220; global_colors_info=&#8220;{}&#8220;][\/et_pb_team_member][\/et_pb_column][\/et_pb_row][et_pb_row column_structure=&#8220;1_3,1_3,1_3&#8243; _builder_version=&#8220;4.7.7&#8243; _module_preset=&#8220;default&#8220; locked=&#8220;off&#8220; global_colors_info=&#8220;{}&#8220;][et_pb_column type=&#8220;1_3&#8243; _builder_version=&#8220;4.7.7&#8243; _module_preset=&#8220;default&#8220; global_colors_info=&#8220;{}&#8220;][et_pb_team_member name=&#8220;Alexander Kersting&#8220; position=&#8220;Fraktionsvorsitzender SP&#8220; image_url=&#8220;https:\/\/rcds-bonn.de\/wp-content\/uploads\/2024\/04\/Bild-Folgt.png&#8220; facebook_url=&#8220;https:\/\/www.facebook.com\/rcdsbonn&#8220; admin_label=&#8220;Person&#8220; _builder_version=&#8220;4.14.5&#8243; _module_preset=&#8220;default&#8220; position_text_color=&#8220;#0c71c3&#8243; custom_margin=&#8220;|-103px|161px|||&#8220; custom_padding=&#8220;|||0px||&#8220; link_option_url=&#8220;https:\/\/www.instagram.com\/rcdsbonn&#8220; link_option_url_new_window=&#8220;on&#8220; hover_enabled=&#8220;0&#8243; global_colors_info=&#8220;{}&#8220; sticky_enabled=&#8220;0&#8243;][\/et_pb_team_member][\/et_pb_column][et_pb_column type=&#8220;1_3&#8243; _builder_version=&#8220;4.14.5&#8243; _module_preset=&#8220;default&#8220; global_colors_info=&#8220;{}&#8220;][et_pb_team_member name=&#8220;Georg Heims&#8220; position=&#8220;Landesgesch\u00e4ftsf\u00fchrer RCDS NRW&#8220; image_url=&#8220;https:\/\/rcds-bonn.de\/wp-content\/uploads\/2025\/09\/PHOTO-2025-09-18-17-48-40-scaled.jpg&#8220; admin_label=&#8220;Person&#8220; _builder_version=&#8220;4.14.5&#8243; _module_preset=&#8220;default&#8220; position_text_color=&#8220;#0c71c3&#8243; custom_margin=&#8220;|-103px|161px|||&#8220; custom_padding=&#8220;|||0px||&#8220; link_option_url=&#8220;https:\/\/www.instagram.com\/rcdsbonn&#8220; link_option_url_new_window=&#8220;on&#8220; global_colors_info=&#8220;{}&#8220;][\/et_pb_team_member][\/et_pb_column][et_pb_column type=&#8220;1_3&#8243; _builder_version=&#8220;4.14.5&#8243; _module_preset=&#8220;default&#8220; global_colors_info=&#8220;{}&#8220;][\/et_pb_column][\/et_pb_row][\/et_pb_section][et_pb_section fb_built=&#8220;1&#8243; _builder_version=&#8220;4.14.5&#8243; _module_preset=&#8220;default&#8220; global_colors_info=&#8220;{}&#8220;][et_pb_row _builder_version=&#8220;4.14.5&#8243; _module_preset=&#8220;default&#8220; global_colors_info=&#8220;{}&#8220;][et_pb_column type=&#8220;4_4&#8243; _builder_version=&#8220;4.14.5&#8243; _module_preset=&#8220;default&#8220; global_colors_info=&#8220;{}&#8220;][\/et_pb_column][\/et_pb_row][\/et_pb_section][et_pb_section fb_built=&#8220;1&#8243; _builder_version=&#8220;4.14.5&#8243; _module_preset=&#8220;default&#8220; global_colors_info=&#8220;{}&#8220;][et_pb_row _builder_version=&#8220;4.14.5&#8243; _module_preset=&#8220;default&#8220; global_colors_info=&#8220;{}&#8220;][et_pb_column type=&#8220;4_4&#8243; _builder_version=&#8220;4.14.5&#8243; _module_preset=&#8220;default&#8220; global_colors_info=&#8220;{}&#8220;][\/et_pb_column][\/et_pb_row][\/et_pb_section]<\/p>\n","protected":false},"excerpt":{"rendered":"<p><div class=\"et_pb_module dsm_text_divider dsm_text_divider_0\">\n\t\t\t\t\n\t\t\t\t\n\t\t\t\t\n\t\t\t\t\n\t\t\t\t<div class=\"et_pb_module_inner\">\n\t\t\t\t\t<div class=\"dsm-text-divider-wrapper dsm-text-divider-align-left et_pb_bg_layout_light\">\n\t\t\t\t\n\t\t\t\t\n\t\t\t\t<div class=\"dsm-text-divider-before dsm-divider\"><\/div>\n\t\t\t\t<h1 class=\"dsm-text-divider-header et_pb_module_header\"><span>Unser Vorstand<\/span><\/h1>\n\t\t\t\t<div class=\"dsm-text-divider-after dsm-divider\"><\/div>\n\t\t\t<\/div>\n\t\t\t\t<\/div>\n\t\t\t<\/div>Der Vorstand des RCDS an der Rheinischen-Friedrichs-Willhelms-Universit\u00e4t Bonn f\u00fcr das Sommersemester 2026: Wir organisieren die politische Arbeit des RCDS gemeinsam mit unseren Mitgliedern (z.B. bei den SP-Wahlen), planen Events wie Pizza Cola Bier und vertreten eure Interessen gegen\u00fcber der Universit\u00e4t, sowie auf Landes- und auf Bundesebene [&hellip;]<\/p>\n","protected":false},"author":1,"featured_media":0,"parent":0,"menu_order":0,"comment_status":"closed","ping_status":"closed","template":"","meta":{"_et_pb_use_builder":"on","_et_pb_old_content":"<!-- wp:divi\/placeholder \/-->","_et_gb_content_width":"","footnotes":""},"class_list":["post-1511","page","type-page","status-publish","hentry"],"_links":{"self":[{"href":"https:\/\/rcds-bonn.de\/index.php?rest_route=\/wp\/v2\/pages\/1511","targetHints":{"allow":["GET"]}}],"collection":[{"href":"https:\/\/rcds-bonn.de\/index.php?rest_route=\/wp\/v2\/pages"}],"about":[{"href":"https:\/\/rcds-bonn.de\/index.php?rest_route=\/wp\/v2\/types\/page"}],"author":[{"embeddable":true,"href":"https:\/\/rcds-bonn.de\/index.php?rest_route=\/wp\/v2\/users\/1"}],"replies":[{"embeddable":true,"href":"https:\/\/rcds-bonn.de\/index.php?rest_route=%2Fwp%2Fv2%2Fcomments&post=1511"}],"version-history":[{"count":101,"href":"https:\/\/rcds-bonn.de\/index.php?rest_route=\/wp\/v2\/pages\/1511\/revisions"}],"predecessor-version":[{"id":2981,"href":"https:\/\/rcds-bonn.de\/index.php?rest_route=\/wp\/v2\/pages\/1511\/revisions\/2981"}],"wp:attachment":[{"href":"https:\/\/rcds-bonn.de\/index.php?rest_route=%2Fwp%2Fv2%2Fmedia&parent=1511"}],"curies":[{"name":"wp","href":"https:\/\/api.w.org\/{rel}","templated":true}]}}