{"id":1517,"date":"2024-03-01T22:40:04","date_gmt":"2024-03-01T21:40:04","guid":{"rendered":"http:\/\/rcds-bonn.de\/?page_id=1517"},"modified":"2025-01-05T23:32:39","modified_gmt":"2025-01-05T22:32:39","slug":"senatswahl-2024","status":"publish","type":"page","link":"https:\/\/rcds-bonn.de\/?page_id=1517","title":{"rendered":"Senatswahl 2025"},"content":{"rendered":"<p>[et_pb_section fb_built=&#8220;1&#8243; _builder_version=&#8220;4.14.5&#8243; _module_preset=&#8220;default&#8220; use_background_color_gradient=&#8220;on&#8220; background_color_gradient_start=&#8220;#ffffff&#8220; background_color_gradient_end=&#8220;rgba(12,113,195,0.47)&#8220; locked=&#8220;off&#8220; global_colors_info=&#8220;{}&#8220;][et_pb_row _builder_version=&#8220;4.7.7&#8243; _module_preset=&#8220;default&#8220; width=&#8220;81.6%&#8220; custom_padding=&#8220;|||0px||&#8220; global_colors_info=&#8220;{}&#8220;][et_pb_column type=&#8220;4_4&#8243; _builder_version=&#8220;4.7.7&#8243; _module_preset=&#8220;default&#8220; global_colors_info=&#8220;{}&#8220;][et_pb_text _builder_version=&#8220;4.14.5&#8243; _module_preset=&#8220;default&#8220; global_colors_info=&#8220;{}&#8220;]<\/p>\n<p><strong>Vom 13. &#8211; 16. Januar findet die Wahl des Senats an der Univesit\u00e4t Bonn statt:<\/strong><\/p>\n<p>Es ist an der Zeit, dass Studierende ein Zeichen setzen: RCDS und JHG treten gemeinsam zur Senatswahl an um ein starkes B\u00fcndnis gegen den intellektuellen und israelbezogenen Antisemitismus zu stellen. Die Situation j\u00fcdischer Studierender an unserer Universit\u00e4t hat sich seit dem 7. Oktober 2023 sp\u00fcrbar versch\u00e4rft. Sp\u00e4testens die antisemitischen Protestcamps haben gezeigt, dass wir alle gemeinsam gegen Judenhass einstehen m\u00fcssen.<\/p>\n<p>Mit Tilman und Elis steht ein starkes, eingespieltes Duo an der Spitze unserer Liste, das sich im Senat daf\u00fcr einsetzen wird, dass antisemitische Straft\u00e4ter konsequent exmatrikuliert werden und Israel-Hasser weder berufen noch bef\u00f6rdert werden.<\/p>\n<p>Genauso engagiert setzt sich unsere breites Team mit Studenten aus diversen Studienrichtungen f\u00fcr Steckdosen und Klimaanlagen in allen H\u00f6rs\u00e4len, h\u00f6here BAf\u00f6G-S\u00e4tze und den Ausbau von bezahlbarem Wohnraum ein. <br \/>Gib uns deine Stimme \u2013 f\u00fcr eine starke Vertretung im Senat, die deine Anliegen ernst nimmt.<\/p>\n<p><strong>Eine neue Hochschulpolitik w\u00e4hlen: Tilman Rami und Elis Marder!<\/strong><\/p>\n<p>[\/et_pb_text][\/et_pb_column][\/et_pb_row][et_pb_row _builder_version=&#8220;4.7.7&#8243; _module_preset=&#8220;default&#8220; global_colors_info=&#8220;{}&#8220;][et_pb_column type=&#8220;4_4&#8243; _builder_version=&#8220;4.7.7&#8243; _module_preset=&#8220;default&#8220; global_colors_info=&#8220;{}&#8220;][dsm_text_divider header=&#8220;Deine Senatoren&#8220; color=&#8220;#0c71c3&#8243; divider_weight=&#8220;8px&#8220; _builder_version=&#8220;4.14.5&#8243; _module_preset=&#8220;default&#8220; header_level=&#8220;h1&#8243; header_font=&#8220;CDU|900|||||||&#8220; custom_padding=&#8220;|||17px||&#8220; global_colors_info=&#8220;{}&#8220;][\/dsm_text_divider][dsm_text_divider header=&#8220; RCDS und j\u00fcdische Hochschulgruppe&#8220; color=&#8220;#0c71c3&#8243; divider_style=&#8220;none&#8220; divider_weight=&#8220;8px&#8220; _builder_version=&#8220;4.14.5&#8243; _module_preset=&#8220;default&#8220; header_level=&#8220;h1&#8243; header_font=&#8220;CDU|900|||||||&#8220; global_colors_info=&#8220;{}&#8220;][\/dsm_text_divider][\/et_pb_column][\/et_pb_row][et_pb_row column_structure=&#8220;1_3,1_3,1_3&#8243; _builder_version=&#8220;4.14.5&#8243; _module_preset=&#8220;default&#8220; width=&#8220;64.7%&#8220; min_height=&#8220;304.4px&#8220; custom_margin=&#8220;|auto|1px|auto||&#8220; custom_padding=&#8220;3px||0px|19px||&#8220; global_colors_info=&#8220;{}&#8220;][et_pb_column type=&#8220;1_3&#8243; disabled_on=&#8220;off|off|off&#8220; _builder_version=&#8220;4.14.5&#8243; _module_preset=&#8220;default&#8220; global_colors_info=&#8220;{}&#8220;][et_pb_team_member name=&#8220;Tilman Rami&#8220; position=&#8220;Platz 1&#8243; image_url=&#8220;https:\/\/rcds-bonn.de\/wp-content\/uploads\/2024\/12\/Senat-Foto-Tilman-1.jpg&#8220; _builder_version=&#8220;4.14.5&#8243; _module_preset=&#8220;default&#8220; border_width_all_image=&#8220;10px&#8220; border_color_all_image=&#8220;#0C71C3&#8243; global_colors_info=&#8220;{}&#8220;][\/et_pb_team_member][\/et_pb_column][et_pb_column type=&#8220;1_3&#8243; _builder_version=&#8220;4.7.7&#8243; _module_preset=&#8220;default&#8220; global_colors_info=&#8220;{}&#8220;][et_pb_team_member name=&#8220;Elis Marder&#8220; position=&#8220;Platz 2&#8243; image_url=&#8220;https:\/\/rcds-bonn.de\/wp-content\/uploads\/2024\/12\/senat-foto-elis-scaled.jpg&#8220; _builder_version=&#8220;4.14.5&#8243; _module_preset=&#8220;default&#8220; border_width_all_image=&#8220;10px&#8220; border_color_all_image=&#8220;#0C71C3&#8243; global_colors_info=&#8220;{}&#8220;][\/et_pb_team_member][\/et_pb_column][et_pb_column type=&#8220;1_3&#8243; _builder_version=&#8220;4.7.7&#8243; _module_preset=&#8220;default&#8220; global_colors_info=&#8220;{}&#8220;][et_pb_team_member name=&#8220;Paulina Verg\u00f6ls&#8220; position=&#8220;Platz 3&#8243; image_url=&#8220;https:\/\/rcds-bonn.de\/wp-content\/uploads\/2024\/12\/senat-foto-paulina-scaled.jpg&#8220; _builder_version=&#8220;4.14.5&#8243; _module_preset=&#8220;default&#8220; border_width_all_image=&#8220;10px&#8220; border_color_all_image=&#8220;#0C71C3&#8243; global_colors_info=&#8220;{}&#8220;][\/et_pb_team_member][\/et_pb_column][\/et_pb_row][et_pb_row column_structure=&#8220;1_3,1_3,1_3&#8243; _builder_version=&#8220;4.14.5&#8243; _module_preset=&#8220;default&#8220; width=&#8220;64.7%&#8220; min_height=&#8220;304.4px&#8220; custom_margin=&#8220;|auto|1px|auto||&#8220; custom_padding=&#8220;3px||0px|19px||&#8220; global_colors_info=&#8220;{}&#8220;][et_pb_column type=&#8220;1_3&#8243; disabled_on=&#8220;off|off|off&#8220; _builder_version=&#8220;4.14.5&#8243; _module_preset=&#8220;default&#8220; global_colors_info=&#8220;{}&#8220;][et_pb_team_member name=&#8220;Stefan Altmann&#8220; position=&#8220;Platz 4&#8243; image_url=&#8220;https:\/\/rcds-bonn.de\/wp-content\/uploads\/2024\/05\/Stefan-Altmann-scaled-1.jpg&#8220; _builder_version=&#8220;4.14.5&#8243; _module_preset=&#8220;default&#8220; border_width_all_image=&#8220;10px&#8220; border_color_all_image=&#8220;#0C71C3&#8243; global_colors_info=&#8220;{}&#8220;][\/et_pb_team_member][\/et_pb_column][et_pb_column type=&#8220;1_3&#8243; _builder_version=&#8220;4.7.7&#8243; _module_preset=&#8220;default&#8220; global_colors_info=&#8220;{}&#8220;][et_pb_team_member name=&#8220;Sophia Paar&#8220; position=&#8220;Platz 5&#8243; image_url=&#8220;https:\/\/rcds-bonn.de\/wp-content\/uploads\/2024\/02\/Spohia-Paar.jpg&#8220; _builder_version=&#8220;4.14.5&#8243; _module_preset=&#8220;default&#8220; border_width_all_image=&#8220;10px&#8220; border_color_all_image=&#8220;#0C71C3&#8243; global_colors_info=&#8220;{}&#8220;][\/et_pb_team_member][\/et_pb_column][et_pb_column type=&#8220;1_3&#8243; _builder_version=&#8220;4.7.7&#8243; _module_preset=&#8220;default&#8220; global_colors_info=&#8220;{}&#8220;][et_pb_team_member name=&#8220;Yana-Louise Eich&#8220; position=&#8220;Platz 6&#8243; image_url=&#8220;https:\/\/rcds-bonn.de\/wp-content\/uploads\/2024\/12\/senat-foto-yana-scaled.jpeg&#8220; _builder_version=&#8220;4.14.5&#8243; _module_preset=&#8220;default&#8220; border_width_all_image=&#8220;10px&#8220; border_color_all_image=&#8220;#0C71C3&#8243; locked=&#8220;off&#8220; global_colors_info=&#8220;{}&#8220;][\/et_pb_team_member][\/et_pb_column][\/et_pb_row][et_pb_row column_structure=&#8220;1_3,1_3,1_3&#8243; _builder_version=&#8220;4.14.5&#8243; _module_preset=&#8220;default&#8220; width=&#8220;64.7%&#8220; min_height=&#8220;304.4px&#8220; custom_margin=&#8220;|auto|1px|auto||&#8220; custom_padding=&#8220;3px||0px|19px||&#8220; global_colors_info=&#8220;{}&#8220;][et_pb_column type=&#8220;1_3&#8243; disabled_on=&#8220;off|off|off&#8220; _builder_version=&#8220;4.14.5&#8243; _module_preset=&#8220;default&#8220; global_colors_info=&#8220;{}&#8220;][et_pb_team_member name=&#8220;Emma Moog&#8220; position=&#8220;Platz 7&#8243; image_url=&#8220;https:\/\/rcds-bonn.de\/wp-content\/uploads\/2024\/12\/senat-foto-emma.jpeg&#8220; _builder_version=&#8220;4.14.5&#8243; _module_preset=&#8220;default&#8220; border_width_all_image=&#8220;10px&#8220; border_color_all_image=&#8220;#0C71C3&#8243; global_colors_info=&#8220;{}&#8220;][\/et_pb_team_member][\/et_pb_column][et_pb_column type=&#8220;1_3&#8243; _builder_version=&#8220;4.7.7&#8243; _module_preset=&#8220;default&#8220; global_colors_info=&#8220;{}&#8220;][\/et_pb_column][et_pb_column type=&#8220;1_3&#8243; _builder_version=&#8220;4.7.7&#8243; _module_preset=&#8220;default&#8220; global_colors_info=&#8220;{}&#8220;][\/et_pb_column][\/et_pb_row][et_pb_row _builder_version=&#8220;4.14.5&#8243; _module_preset=&#8220;default&#8220; global_colors_info=&#8220;{}&#8220;][et_pb_column type=&#8220;4_4&#8243; _builder_version=&#8220;4.7.7&#8243; _module_preset=&#8220;default&#8220; global_colors_info=&#8220;{}&#8220;][\/et_pb_column][\/et_pb_row][\/et_pb_section]<\/p>\n","protected":false},"excerpt":{"rendered":"<p>Vom 13. &#8211; 16. Januar findet die Wahl des Senats an der Univesit\u00e4t Bonn statt: Es ist an der Zeit, dass Studierende ein Zeichen setzen: RCDS und JHG treten gemeinsam zur Senatswahl an um ein starkes B\u00fcndnis gegen den intellektuellen und israelbezogenen Antisemitismus zu stellen. Die Situation j\u00fcdischer Studierender an unserer Universit\u00e4t hat sich seit [&hellip;]<\/p>\n","protected":false},"author":1,"featured_media":0,"parent":0,"menu_order":0,"comment_status":"closed","ping_status":"closed","template":"","meta":{"_et_pb_use_builder":"on","_et_pb_old_content":"<!-- wp:divi\/placeholder \/-->","_et_gb_content_width":"","footnotes":""},"class_list":["post-1517","page","type-page","status-publish","hentry"],"_links":{"self":[{"href":"https:\/\/rcds-bonn.de\/index.php?rest_route=\/wp\/v2\/pages\/1517","targetHints":{"allow":["GET"]}}],"collection":[{"href":"https:\/\/rcds-bonn.de\/index.php?rest_route=\/wp\/v2\/pages"}],"about":[{"href":"https:\/\/rcds-bonn.de\/index.php?rest_route=\/wp\/v2\/types\/page"}],"author":[{"embeddable":true,"href":"https:\/\/rcds-bonn.de\/index.php?rest_route=\/wp\/v2\/users\/1"}],"replies":[{"embeddable":true,"href":"https:\/\/rcds-bonn.de\/index.php?rest_route=%2Fwp%2Fv2%2Fcomments&post=1517"}],"version-history":[{"count":81,"href":"https:\/\/rcds-bonn.de\/index.php?rest_route=\/wp\/v2\/pages\/1517\/revisions"}],"predecessor-version":[{"id":2895,"href":"https:\/\/rcds-bonn.de\/index.php?rest_route=\/wp\/v2\/pages\/1517\/revisions\/2895"}],"wp:attachment":[{"href":"https:\/\/rcds-bonn.de\/index.php?rest_route=%2Fwp%2Fv2%2Fmedia&parent=1517"}],"curies":[{"name":"wp","href":"https:\/\/api.w.org\/{rel}","templated":true}]}}